q) = -5*q**3 - 5*q**2 + q + 6. Let y be s(-3). Suppose -y*z + 6090 = -83*z. Is z a multiple of 21?
True
Let g(w) be the second derivative of w**4/4 - 2*w**3/3 - 16*w**2 - 76*w. Is g(-14) a multiple of 17?
True
Let t(n) be the second derivative of n**4/12 - n**3/6 + 3*n**2 + n. Let r be t(13). Suppose -14*h + 11*h = -r. Is h a multiple of 18?
True
Let y(f) be the second derivative of 17*f**6/360 + 5*f**5/24 + 7*f**4/12 - 10*f. Let m(q) be the third derivative of y(q). Is m(7) a multiple of 18?
False
Let n(s) = 175*s + 356. Let d(h) = -44*h - 89. Let y(z) = 9*d(z) + 2*n(z). Is 11 a factor of y(-7)?
False
Let t = 251 - 246. Suppose 92 = t*i - 4*m, -i = 4*i - m - 83. Is i a multiple of 10?
False
Let s(v) = -6525*v - 2111. Is s(-2) a multiple of 73?
False
Let j be (-1359)/33 - 24/(-132). Let x = j - -35. Is 5 a factor of x - -6 - (-2*18 - -1)?
True
Let s be ((-1)/6)/(13/(-78)). Does 23 divide (-5 + 1)*(s + 833/(-28))?
True
Suppose 3*l + 2*f + 1 = -0, 0 = -4*l + 5*f - 9. Let o be (24/(-20))/(l + (-12)/(-20)). Suppose o*i - 39 = 105. Is i a multiple of 8?
True
Suppose -6 + 0 = -2*k. Suppose -126*g + 127*g = 34. Suppose 5*u + v - 90 = -0*u, g = u - k*v. Is 5 a factor of u?
False
Let f(s) = -18*s - 252. Let w = 657 + -688. Does 9 divide f(w)?
True
Let s(x) be the second derivative of x**5/20 + 11*x**4/12 - 2*x**3 - 11*x**2 + 52*x. Does 4 divide s(-9)?
True
Let f(p) = -328*p + 16338. Does 25 divide f(46)?
True
Let t be (-6)/(-15) + (-10)/25. Suppose -2*u - 2 = 2*o, 4*o - 2 = -t*u - u. Does 23 divide 30/(-4)*(276/5)/u?
True
Let s = 121 - -105. Suppose 0*g + 109 = -2*t + 5*g, -5*t - 3*g - s = 0. Let l = 111 + t. Does 16 divide l?
True
Does 141 divide 185 + 9218 + (1 - 2)?
False
Let g = 352 - 182. Let c = 238 - g. Is c a multiple of 4?
True
Let d be 21/(-35) + 858/5. Let v = 316 - d. Is 25 a factor of (0 - v - -4)/((-3)/2)?
False
Let j(p) = 434*p - 3375. Is 13 a factor of j(12)?
True
Let v be ((-30)/(-7))/((-1)/(-1050)*6). Let l(d) = 2*d**2 + 3*d. Let r be l(-2). Suppose -r*h = -7*h + v. Is h a multiple of 50?
True
Let v(z) = 4*z - 25. Let h be v(10). Suppose h*r + 93 = 18*r. Is 7 a factor of r?
False
Let h(s) = -11*s**2 + 45*s - 27. Let k(x) = 4*x**2 - 15*x + 9. Let y(o) = 3*h(o) + 8*k(o). Suppose 7*v = 29*v - 108 - 156. Is 19 a factor of y(v)?
False
Let s = 104326 - 69118. Is s a multiple of 27?
True
Let b = -258 + 260. Suppose -g - 1777 = -b*f, -5*g = 3*f - 2*g - 2661. Is f a multiple of 30?
False
Let a be (36/(-10) - 6/15)*-1. Is 8 a factor of 108/(1/a*8)?
False
Let d be 152/20 + 12/(-20). Suppose d*o = o + 198. Suppose o = -3*u + 4*u. Is u a multiple of 6?
False
Suppose v + 10*g = 33736 + 31300, -325180 = -5*v + 4*g. Does 71 divide v?
True
Let j(s) = 11*s + 90. Let p be j(-8). Let o = 10 + -6. Suppose 1 = -w, z + w + o*w = -p. Is 3 a factor of z?
True
Let i(k) = 5*k - 2*k - 5*k + k**3 + 3*k**2 + 0*k**2. Let n be i(-4). Does 19 divide (-758)/n - 4/(-16)?
True
Suppose -4*o = 2*s - 29295 + 7533, -2*s = -5*o + 27234. Does 4 divide o?
True
Let y(r) = -r**2 + 3. Let p be y(2). Is 27 a factor of ((-1410)/(-9))/((-12)/(-9) + p)?
False
Is 5*22/(-495) - 79328/(-9) a multiple of 16?
False
Let l be 2/(-3) - 8/6. Does 4 divide (11/l)/(2/(-60))?
False
Suppose 1020*d - 1041*d = -7203. Is 8 a factor of d?
False
Let z = 967 + -289. Suppose 2*i + z = 850. Is i a multiple of 43?
True
Let c = -67 - -67. Suppose 5*v - 3*p - 2860 = -c*p, 2820 = 5*v + 5*p. Is v a multiple of 9?
False
Let w be (7 - (-75)/(-5))*-1. Suppose w*l = 6*l + 40. Does 20 divide l?
True
Let w(f) = 4*f**3 + 45 - 5*f**2 - 3*f**3 - 43. Let l be w(5). Is 6/(-15)*l - 548/(-10) a multiple of 22?
False
Suppose 0 = -2*f + 126 + 126. Suppose -x = -k + 15 + 21, 2*k + f = -4*x. Let y = 91 + x. Is y a multiple of 13?
False
Suppose 4*o + 15 = 19. Is 23/1 + o + (15 - 10) a multiple of 2?
False
Suppose -4*b + 30 = 2*d, -4*b - 3*d - d = -40. Suppose 3*m = b*l - 8, -4*l + 5*m - 2*m = -7. Does 5 divide l + (2/(-5))/(5/(-575))?
False
Suppose -79*g = 10*g - 471522. Is 76 a factor of g?
False
Does 76 divide (116/1)/(84/532*(-2)/(-6))?
True
Let c(d) = -2*d**2 - 5*d - 4. Let a(h) = 5*h**2 + 14*h + 14. Let u(m) = -3*a(m) - 8*c(m). Is u(-9) a multiple of 5?
False
Let z(o) be the second derivative of o**6/120 - o**5/15 + 5*o**4/24 - 4*o**3/3 - 3*o**2 - 6*o. Let u(w) be the first derivative of z(w). Is 3 a factor of u(4)?
True
Does 6 divide (3/6)/(0 + (-7)/(-14882))?
False
Suppose 0 = -31*a - 8720 - 24202. Let g = a + 1716. Is g a multiple of 11?
False
Let s = 51 + -87. Let p = 49 + s. Suppose p*n = 8*n + 105. Is n a multiple of 7?
True
Suppose -67*p + 45680 = 2*n - 69*p, 2*n - 45652 = -5*p. Is 9 a factor of n?
False
Let j(l) be the first derivative of l**4/4 - 8*l**3/3 - 3*l**2 + 3*l + 31. Let w be j(9). Let u = w - 3. Is 16 a factor of u?
False
Suppose m - 27594 = -109*z + 110*z, -3*m - 3*z = -82752. Does 15 divide m?
False
Suppose 2*t + 5*a - 2085 - 3815 = 0, -3*t + 5*a = -8800. Is 37 a factor of t?
False
Let a(b) = -17*b + 569. Is 61 a factor of a(14)?
False
Let r(w) be the third derivative of 9*w**5/5 + w**4/12 - w**3/3 + 17*w**2. Let n be r(1). Suppose -n*b + 350 = -103*b. Is b a multiple of 13?
False
Suppose 46*g - 71*g = -17726 - 18949. Does 5 divide g?
False
Let t be -79 + -2 - (2/(-1) - 0). Let x = 83 + t. Is 58 a factor of 0 - (x/(-2) + (-4 - 237))?
False
Suppose t - 100 = 6*t. Let w = 15 - -87. Let i = w + t. Does 27 divide i?
False
Suppose -5*a = 5*y - 14190, 0 = -a - 3*a + 24. Is y a multiple of 12?
True
Suppose -3*t + n = -3603, -8*n - 30 = -3*n. Does 3 divide t?
False
Let l(b) = 8*b**2 - 7 + 2*b**2 - 9*b**2 + 3*b. Let r be l(7). Suppose -t = -81 - r. Does 32 divide t?
False
Let g(j) = 15*j - 143. Let p(n) = n**2 - 6*n - 198. Let x be p(18). Is 23 a factor of g(x)?
False
Let n be 1 + (7/4 - 4/(-16)). Does 3 divide (n/1)/(0 + (-9)/(-135))?
True
Let k be (2 - 5)/((-16)/5 - -3). Suppose -5*v + 2*v + k = 0, 1401 = 4*i + 5*v. Is 7 a factor of i?
False
Is (3 + 352 + 9)*29 a multiple of 26?
True
Suppose 38*i - 14397 = 33*i + w, 5*w = -4*i + 11535. Suppose 2*b + 95 = -a + 671, 0 = -5*a + b + i. Does 9 divide a?
True
Suppose -24*t + 1623075 = 48*t + 23*t. Is 11 a factor of t?
False
Suppose 238875 = 6*l - 5*p, 159255 = 25*l - 21*l - 5*p. Does 15 divide l?
True
Suppose 13*m = 10*m + 15. Let u(k) = 21*k - 39. Does 22 divide u(m)?
True
Suppose -s + 26 = 34. Let n be s/(-5)*(-20)/8. Does 9 divide ((-6)/n)/((-1)/(-6))?
True
Let a = -450 - 249. Let p = 971 + a. Does 34 divide p?
True
Let w = -31 + 31. Suppose w = -g - 5*b + 72 + 28, -4*g + b = -463. Suppose -2*c + g = 55. Is 5 a factor of c?
True
Let k(o) = 3*o**2 + o. Let v(b) = -2*b + 26. Let d be v(13). Let l be k(d). Suppose 12*g - 125 - 343 = l. Is g a multiple of 5?
False
Let i = -428 + 417. Let q(r) = -23*r + 54. Is 50 a factor of q(i)?
False
Suppose 0 = -9*j + 471 + 924. Is 7 a factor of j?
False
Let j(d) = d**3 - 17*d**2 + 25*d - 32. Let p = 300 + -284. Is 16 a factor of j(p)?
True
Let s(m) = -3*m**3 - 13*m**2 + 16*m + 50. Let t(b) = -7*b**3 - 25*b**2 + 31*b + 101. Let q(j) = -5*s(j) + 2*t(j). Does 37 divide q(-15)?
True
Let o = -3364 + 4449. Is 31 a factor of o?
True
Let k(j) = -4512*j + 672. Does 27 divide k(-1)?
True
Let r(v) = 84*v - 202. Let y(k) = -28*k + 67. Let m(i) = 3*r(i) + 10*y(i). Is m(-6) a multiple of 8?
True
Let r(u) = -4*u + 24. Let t(b) = 1. Let d(g) = -2*r(g) + 22*t(g). Is 22 a factor of d(6)?
True
Let z(s) = 22*s**2 - 19*s + 19. Let p be z(1). Is 88 a factor of 27*(p/12)/((-7)/(-224))?
True
Let r(y) = -12*y**2 + 1175*y - 194. Is r(58) a multiple of 57?
True
Let z(x) be the first derivative of 9*x**2 - 43*x - 29. Does 2 divide z(4)?
False
Let j(g) = 54*g + 146. Let x be j(-28). Does 31 divide x/(-4) - 0 - 1/2?
True
Suppose -u + 4*m + 8215 = 0, -2*m = 36 - 28. Does 18 divide u?
False
Let c be 5/(7 - 22) - 139/(-3). Let a(o) = -7*o - o + c - 12*o - o**2. Is 13 a factor of a(-19)?
True
Suppose 2*p - 13*h = -11*h + 16, 0 = 5*p + 4*h + 5. Let k(c) = 38*c - 8. Does 53 divide k(p)?
True
Suppose 76*i - 5276250 = 73*i - 172*i. Is 75 a factor of i?
True
Let t = 132 + -221. Let q = t + 277. Suppose 4*k - 381 = -a, 2*k = 4*a + q + 16. Is 16 a factor of k?
True
Let o be (-7 - -8) + -1 + -1. Does 12 divide 134 - o - 1/(-2)*-10?
False
Let s = 39 + -36. Suppose 